
2, 11, 127, 512579
List the prime factors of 21399820.
2, 5, 13, 82307
List the prime factors of 87149168.
2, 5446823
List the prime factors of 527306755.
5, 89, 1184959
What are the prime factors of 491618925?
3, 5, 7, 31, 10069
What are the prime factors of 135418247?
3847, 35201
List the prime factors of 813729906.
2, 3, 11, 191, 21517
List the prime factors of 351598272.
2, 3, 37, 43, 1151
What are the prime factors of 3104773359?
3, 17, 60877909
What are the prime factors of 215314758?
2, 3, 17, 703643
What are the prime factors of 64278865?
5, 7, 1836539
List the prime factors of 1609519287.
3, 31, 17306659
What are the prime factors of 666572108?
2, 17, 23, 426197
What are the prime factors of 9475220?
2, 5, 473761
List the prime factors of 359096710.
2, 5, 7, 5129953
What are the prime factors of 16246654?
2, 8123327
List the prime factors of 12311856.
2, 3, 193, 443
List the prime factors of 37199083.
29, 167, 7681
List the prime factors of 74469841.
71, 83, 12637
What are the prime factors of 887023213?
887023213
List the prime factors of 1534561302.
2, 3, 255760217
List the prime factors of 155391170.
2, 5, 11, 1412647
List the prime factors of 26806059.
3, 7, 17, 103
List the prime factors of 4268575669.
331, 12895999
What are the prime factors of 737740302?
2, 3, 13, 9458209
List the prime factors of 836993341.
836993341
What are the prime factors of 7006360227?
3, 14851, 157259
What are the prime factors of 20393769?
3, 11, 41, 15073
List the prime factors of 2552741942.
2, 67, 233, 81761
List the prime factors of 393675353.
547, 719699
What are the prime factors of 62855886?
2, 3, 59, 353, 503
What are the prime factors of 120790207?
120790207
What are the prime factors of 298900488?
2, 3, 61, 3347
List the prime factors of 686177583.
3, 7, 13, 71, 35401
What are the prime factors of 527347883?
8747, 60289
What are the prime factors of 1741015039?
179, 761, 12781
What are the prime factors of 26263382?
2, 509, 25799
What are the prime factors of 80185063?
7, 11455009
List the prime factors of 429321497.
11, 241, 161947
List the prime factors of 613047749.
19, 32265671
What are the prime factors of 318381334?
2, 2153, 73939
List the prime factors of 3859277717.
36559, 105563
What are the prime factors of 3217387319?
3217387319
What are the prime factors of 53257408?
2, 857, 971
List the prime factors of 45595133.
1571, 29023
What are the prime factors of 6635968662?
2, 3, 3343, 330839
List the prime factors of 18109410.
2, 3, 5, 11, 54877
What are the prime factors of 19809772?
2, 4952443
What are the prime factors of 4410268418?
2, 17, 129713777
List the prime factors of 478968645.
3, 5, 61, 523463
What are the prime factors of 93096458?
2, 7, 13, 511519
What are the prime factors of 85631889?
3, 7, 31, 199, 661
List the prime factors of 181254719.
181254719
List the prime factors of 21721645.
5, 11, 463, 853
List the prime factors of 72978677.
19, 113, 1789
List the prime factors of 149334314.
2, 6871, 10867
What are the prime factors of 13100709?
3, 19, 229837
List the prime factors of 2336609320.
2, 5, 269, 217157
What are the prime factors of 19068511?
7, 11, 47, 479
List the prime factors of 302070284.
2, 19, 3974609
What are the prime factors of 7557272236?
2, 67, 197, 143141
List the prime factors of 37661844.
2, 3, 11, 285317
List the prime factors of 616616063.
7, 19, 37, 125303
List the prime factors of 41437752.
2, 3, 29, 2053
What are the prime factors of 282154132?
2, 13, 43, 257, 491
What are the prime factors of 12423655?
5, 2484731
List the prime factors of 164221903.
1051, 156253
What are the prime factors of 2196180570?
2, 3, 5, 73206019
What are the prime factors of 422489256?
2, 3, 7, 41, 83, 739
What are the prime factors of 428355868?
2, 17, 29, 217219
List the prime factors of 6695355.
3, 5, 199, 2243
What are the prime factors of 5057115?
3, 5, 7, 48163
List the prime factors of 385530231.
3, 101, 1272377
What are the prime factors of 18537517?
23, 557, 1447
What are the prime factors of 151005337?
7, 41, 67, 7853
What are the prime factors of 68180948?
2, 11, 17, 91151
List the prime factors of 506235867.
3, 19, 1531, 5801
What are the prime factors of 112371479?
11, 17, 37, 109, 149
List the prime factors of 2632656954.
2, 3, 10687, 41057
What are the prime factors of 54240304?
2, 3390019
What are the prime factors of 458351593?
7, 65478799
List the prime factors of 99200069.
99200069
List the prime factors of 1283170621.
23, 83, 672169
What are the prime factors of 6226815100?
2, 5, 11, 37, 152993
What are the prime factors of 50430420?
2, 3, 5, 29, 9661
What are the prime factors of 23007844?
2, 5751961
List the prime factors of 2575599.
3, 13, 66041
List the prime factors of 3274455614.
2, 3547, 461581
What are the prime factors of 112665060?
2, 3, 5, 19, 79, 139
What are the prime factors of 1865950?
2, 5, 67, 557
List the prime factors of 365360829.
3, 37, 3291539
List the prime factors of 250650465.
3, 5, 13, 17, 75611
List the prime factors of 54620335.
5, 7, 11, 141871
What are the prime factors of 2809658850?
2, 3, 5, 17, 457, 2411
List the prime factors of 14149645.
5, 1213, 2333
What are the prime factors of 1592207712?
2, 3, 79, 23327
What are the prime factors of 105047950?
2, 5, 7, 300137
List the prime factors of 25467653.
43, 653, 907
What are the prime factors of 37257894?
2, 3, 97, 2371
List the prime factors of 1416269225.
5, 7, 8092967
List the prime factors of 334661433.
3, 61, 197, 9283
List the prime factors of 22948762.
2, 71, 161611
List the prime factors of 571146573.
3, 31, 97, 63313
What are the prime factors of 1112759416?
2, 149, 933523
List the prime factors of 96750738.
2, 3, 7, 767863
What are the prime factors of 543216682?
2, 7649, 35509
List the prime factors of 16919101.
19, 37, 41, 587
List the prime factors of 1193127503.
89, 13405927
List the prime factors of 43254397.
3907, 11071
What are the prime factors of 1039928459?
15667, 66377
List the prime factors of 38115632.
2, 17, 8243
List the prime factors of 59037745.
5, 13, 41, 22153
List the prime factors of 15670553.
643, 24371
List the prime factors of 56938837.
43, 1324159
List the prime factors of 91961498.
2, 23, 1999163
List the prime factors of 75786924.
2, 3, 6315577
List the prime factors of 4346362154.
2, 17, 1051, 121631
List the prime factors of 25147246.
2, 113, 111271
List the prime factors of 1159521460.
2, 5, 57976073
What are the prime factors of 17173580?
2, 5, 307, 2797
What are the prime factors of 44289294?
2, 3, 7, 59, 61, 293
List the prime factors of 2130575763.
3, 383, 509, 3643
What are the prime factors of 16569580?
2, 5, 683, 1213
What are the prime factors of 61654061?
7, 8807723
What are the prime factors of 35051248?
2, 283, 7741
List the prime factors of 409057816.
2, 53, 109, 167
What are the prime factors of 1095570582?
2, 3, 509, 358733
List the prime factors of 342876930.
2, 3, 5, 11, 1039021
What are the prime factors of 226656753?
3, 103, 733517
What are the prime factors of 573822876?
2, 3, 11, 19, 228797
What are the prime factors of 73126784?
2, 571303
What are the prime factors of 10017170?
2, 5, 67, 14951
List the prime factors of 57799480.
2, 5, 103, 14029
List the prime factors of 33161332.
2, 173, 277
List the prime factors of 1421656846.
2, 37, 47, 151, 2707
What are the prime factors of 118407785?
5, 1069, 22153
What are the prime factors of 118790859?
3, 11, 919, 3917
What are the prime factors of 407827308?
2, 3, 7, 43, 112909
What are the prime factors of 1147004329?
37, 197, 4253
List the prime factors of 2403440102.
2, 7, 3503557
What are the prime factors of 317155672?
2, 17, 2332027
List the prime factors of 58733098.
2, 43, 682943
What are the prime factors of 178918174?
2, 19, 31, 151883
What are the prime factors of 105106398?
2, 3, 17517733
What are the prime factors of 1624940317?
7, 11, 13, 23, 163, 433
List the prime factors of 9552429.
3, 23, 46147
List the prime factors of 1874816033.
3041, 616513
What are the prime factors of 127542095?
5, 1181, 21599
What are the prime factors of 135029768?
2, 16878721
What are the prime factors of 2484195835?
5, 11, 45167197
List the prime factors of 35939857.
127, 282991
What are the prime factors of 874319